{"id":40,"date":"2023-02-08T10:00:46","date_gmt":"2023-02-08T09:00:46","guid":{"rendered":"http:\/\/rhythmwp.wpengine.com\/finance-multi\/?page_id=2"},"modified":"2024-01-17T17:28:51","modified_gmt":"2024-01-17T16:28:51","slug":"accueil","status":"publish","type":"page","link":"https:\/\/www.echappetoisitupeux.com\/quizboxing\/","title":{"rendered":"Accueil"},"content":{"rendered":"<div class=\"fusion-fullwidth fullwidth-box fusion-builder-row-1 fusion-flex-container nonhundred-percent-fullwidth non-hundred-percent-height-scrolling\" style=\"--awb-border-radius-top-left:0px;--awb-border-radius-top-right:0px;--awb-border-radius-bottom-right:0px;--awb-border-radius-bottom-left:0px;--awb-flex-wrap:wrap;\" ><div class=\"fusion-builder-row fusion-row fusion-flex-align-items-flex-start fusion-flex-content-wrap\" style=\"max-width:1248px;margin-left: calc(-4% \/ 2 );margin-right: calc(-4% \/ 2 );\"><div class=\"fusion-layout-column fusion_builder_column fusion-builder-column-0 fusion_builder_column_1_1 1_1 fusion-flex-column\" style=\"--awb-bg-size:cover;--awb-width-large:100%;--awb-margin-top-large:0px;--awb-spacing-right-large:1.92%;--awb-margin-bottom-large:0px;--awb-spacing-left-large:1.92%;--awb-width-medium:100%;--awb-spacing-right-medium:1.92%;--awb-spacing-left-medium:1.92%;--awb-width-small:100%;--awb-spacing-right-small:1.92%;--awb-spacing-left-small:1.92%;\"><div class=\"fusion-column-wrapper fusion-flex-justify-content-flex-start fusion-content-layout-column\">\n\t\t\t\t<p class=\"rs-p-wp-fix\"><\/p>\n\t\t\t\t<sr7-module data-alias=\"accueil-quizboxing-2023\" data-id=\"1\" id=\"SR7_1_1\" class=\"rs-ov-hidden\" data-version=\"6.7.52\">\n\t\t\t\t\t<sr7-adjuster><\/sr7-adjuster>\n\t\t\t\t\t<sr7-content>\n\t\t\t\t\t\t<sr7-slide id=\"SR7_1_1-1\" data-key=\"1\">\n\t\t\t\t\t\t\t<sr7-bg id=\"SR7_1_1-1-1\" class=\"sr7-layer\"><noscript><img class=\"lazyload\" decoding=\"async\" src=\"data:image\/svg+xml,%3Csvg%20xmlns%3D%27http%3A%2F%2Fwww.w3.org%2F2000%2Fsvg%27%20width%3D%272247%27%20height%3D%271500%27%20viewBox%3D%270%200%202247%201500%27%3E%3Crect%20width%3D%272247%27%20height%3D%271500%27%20fill-opacity%3D%220%22%2F%3E%3C%2Fsvg%3E\" data-orig-src=\"https:\/\/www.echappetoisitupeux.com\/quizboxing\/wp-content\/uploads\/sites\/5\/2023\/02\/quizboxing01-1.jpg\" alt=\"Quiz Boxing (1\/4)\" title=\"Quiz Boxing (1\/4)\"><\/noscript><\/sr7-bg>\n\t\t\t\t\t\t<\/sr7-slide>\n\t\t\t\t\t\t<sr7-slide id=\"SR7_1_1-2\" data-key=\"2\">\n\t\t\t\t\t\t\t<sr7-bg id=\"SR7_1_1-2-1\" class=\"sr7-layer\"><noscript><img class=\"lazyload\" decoding=\"async\" src=\"data:image\/svg+xml,%3Csvg%20xmlns%3D%27http%3A%2F%2Fwww.w3.org%2F2000%2Fsvg%27%20width%3D%272103%27%20height%3D%271404%27%20viewBox%3D%270%200%202103%201404%27%3E%3Crect%20width%3D%272103%27%20height%3D%271404%27%20fill-opacity%3D%220%22%2F%3E%3C%2Fsvg%3E\" data-orig-src=\"https:\/\/www.echappetoisitupeux.com\/quizboxing\/wp-content\/uploads\/sites\/5\/2023\/02\/quizboxing02.jpg\" alt=\"Quiz Boxing (2\/4)\" title=\"Quiz Boxing (2\/4)\"><\/noscript><\/sr7-bg>\n\t\t\t\t\t\t<\/sr7-slide>\n\t\t\t\t\t\t<sr7-slide id=\"SR7_1_1-6\" data-key=\"6\">\n\t\t\t\t\t\t\t<sr7-bg id=\"SR7_1_1-6-1\" class=\"sr7-layer\"><noscript><img class=\"lazyload\" decoding=\"async\" src=\"data:image\/svg+xml,%3Csvg%20xmlns%3D%27http%3A%2F%2Fwww.w3.org%2F2000%2Fsvg%27%20width%3D%272247%27%20height%3D%271500%27%20viewBox%3D%270%200%202247%201500%27%3E%3Crect%20width%3D%272247%27%20height%3D%271500%27%20fill-opacity%3D%220%22%2F%3E%3C%2Fsvg%3E\" data-orig-src=\"https:\/\/www.echappetoisitupeux.com\/quizboxing\/wp-content\/uploads\/sites\/5\/2023\/02\/quizboxing04.jpg\" alt=\"Quiz Boxing (4\/4)\" title=\"Quiz Boxing (4\/4)\"><\/noscript><\/sr7-bg>\n\t\t\t\t\t\t<\/sr7-slide>\n\t\t\t\t\t\t<sr7-slide id=\"SR7_1_1-7\" data-key=\"7\">\n\t\t\t\t\t\t<\/sr7-slide>\n\t\t\t\t\t<\/sr7-content>\n\t\t\t\t\t<image_lists style=\"display:none\">\n\t\t\t\t\t\t<img class=\"lazyload\" data-src=\"\/\/www.echappetoisitupeux.com\/quizboxing\/wp-content\/uploads\/sites\/5\/2023\/02\/quizboxing01-1.jpg\" data-libid=\"5250\" data-lib=\"medialibrary\" alt=\"Quiz Boxing (1\/4)\" title=\"Quiz Boxing (1\/4)\" width=\"0\" height=\"0\" data-dbsrc=\"Ly93d3cuZWNoYXBwZXRvaXNpdHVwZXV4LmNvbS9xdWl6Ym94aW5nL3dwLWNvbnRlbnQvdXBsb2Fkcy9zaXRlcy81LzIwMjMvMDIvcXVpemJveGluZzAxLTEuanBn\"\/>\n\t\t\t\t\t\t<img class=\"lazyload\" data-src=\"\/\/www.echappetoisitupeux.com\/quizboxing\/wp-content\/uploads\/sites\/5\/2023\/02\/quizboxing02.jpg\" data-libid=\"5249\" data-lib=\"medialibrary\" alt=\"Quiz Boxing (2\/4)\" title=\"Quiz Boxing (2\/4)\" width=\"0\" height=\"0\" data-dbsrc=\"Ly93d3cuZWNoYXBwZXRvaXNpdHVwZXV4LmNvbS9xdWl6Ym94aW5nL3dwLWNvbnRlbnQvdXBsb2Fkcy9zaXRlcy81LzIwMjMvMDIvcXVpemJveGluZzAyLmpwZw==\"\/>\n\t\t\t\t\t\t<img class=\"lazyload\" data-src=\"\/\/www.echappetoisitupeux.com\/larochesuryon\/wp-content\/uploads\/sites\/3\/2021\/11\/noel2021-boxcadeau.png\" data-lib=\"medialibrary\" width=\"0\" height=\"0\" data-dbsrc=\"Ly93d3cuZWNoYXBwZXRvaXNpdHVwZXV4LmNvbS9sYXJvY2hlc3VyeW9uL3dwLWNvbnRlbnQvdXBsb2Fkcy9zaXRlcy8zLzIwMjEvMTEvbm9lbDIwMjEtYm94Y2FkZWF1LnBuZw==\"\/>\n\t\t\t\t\t\t<img class=\"lazyload\" data-src=\"\/\/www.echappetoisitupeux.com\/larochesuryon\/wp-content\/uploads\/sites\/3\/2021\/11\/noel2021-bg.jpg\" data-lib=\"medialibrary\" width=\"0\" height=\"0\" data-dbsrc=\"Ly93d3cuZWNoYXBwZXRvaXNpdHVwZXV4LmNvbS9sYXJvY2hlc3VyeW9uL3dwLWNvbnRlbnQvdXBsb2Fkcy9zaXRlcy8zLzIwMjEvMTEvbm9lbDIwMjEtYmcuanBn\"\/>\n\t\t\t\t\t\t<img class=\"lazyload\" data-src=\"\/\/www.echappetoisitupeux.com\/quizboxing\/wp-content\/uploads\/sites\/5\/2023\/02\/logo_quizboxing_menu@2x-1.png\" data-libid=\"5365\" data-lib=\"medialibrary\" alt=\"Logo Quiz Boxing - La Roche-sur-Yon\" title=\"Logo Quiz Boxing &#8211; La Roche-sur-Yon\" width=\"0\" height=\"0\" data-dbsrc=\"Ly93d3cuZWNoYXBwZXRvaXNpdHVwZXV4LmNvbS9xdWl6Ym94aW5nL3dwLWNvbnRlbnQvdXBsb2Fkcy9zaXRlcy81LzIwMjMvMDIvbG9nb19xdWl6Ym94aW5nX21lbnVAMngtMS5wbmc=\"\/>\n\t\t\t\t\t\t<img class=\"lazyload\" data-src=\"\/\/www.echappetoisitupeux.com\/larochesuryon\/wp-content\/uploads\/sites\/3\/2021\/01\/bg_fireworks-1.jpg\" data-lib=\"medialibrary\" width=\"0\" height=\"0\" data-dbsrc=\"Ly93d3cuZWNoYXBwZXRvaXNpdHVwZXV4LmNvbS9sYXJvY2hlc3VyeW9uL3dwLWNvbnRlbnQvdXBsb2Fkcy9zaXRlcy8zLzIwMjEvMDEvYmdfZmlyZXdvcmtzLTEuanBn\"\/>\n\t\t\t\t\t\t<img class=\"lazyload\" data-src=\"\/\/www.echappetoisitupeux.com\/larochesuryon\/wp-content\/uploads\/sites\/3\/2023\/02\/logo_ega_couleur2022.png\" data-lib=\"medialibrary\" width=\"0\" height=\"0\" data-dbsrc=\"Ly93d3cuZWNoYXBwZXRvaXNpdHVwZXV4LmNvbS9sYXJvY2hlc3VyeW9uL3dwLWNvbnRlbnQvdXBsb2Fkcy9zaXRlcy8zLzIwMjMvMDIvbG9nb19lZ2FfY291bGV1cjIwMjIucG5n\"\/>\n\t\t\t\t\t\t<img class=\"lazyload\" data-src=\"\/\/www.echappetoisitupeux.com\/larochesuryon\/wp-content\/uploads\/sites\/3\/2023\/02\/qrcode_ega_blanc_smartphone-permalien.png\" data-lib=\"medialibrary\" width=\"0\" height=\"0\" data-dbsrc=\"Ly93d3cuZWNoYXBwZXRvaXNpdHVwZXV4LmNvbS9sYXJvY2hlc3VyeW9uL3dwLWNvbnRlbnQvdXBsb2Fkcy9zaXRlcy8zLzIwMjMvMDIvcXJjb2RlX2VnYV9ibGFuY19zbWFydHBob25lLXBlcm1hbGllbi5wbmc=\"\/>\n\t\t\t\t\t\t<img class=\"lazyload\" data-src=\"\/\/www.echappetoisitupeux.com\/larochesuryon\/wp-content\/uploads\/sites\/3\/2020\/11\/slider.jpg\" data-lib=\"medialibrary\" width=\"0\" height=\"0\" data-dbsrc=\"Ly93d3cuZWNoYXBwZXRvaXNpdHVwZXV4LmNvbS9sYXJvY2hlc3VyeW9uL3dwLWNvbnRlbnQvdXBsb2Fkcy9zaXRlcy8zLzIwMjAvMTEvc2xpZGVyLmpwZw==\"\/>\n\t\t\t\t\t\t<img class=\"lazyload\" data-src=\"\/\/www.echappetoisitupeux.com\/quizboxing\/wp-content\/uploads\/sites\/5\/2023\/02\/quizboxing04.jpg\" data-libid=\"5254\" data-lib=\"medialibrary\" alt=\"Quiz Boxing (4\/4)\" title=\"Quiz Boxing (4\/4)\" width=\"0\" height=\"0\" data-dbsrc=\"Ly93d3cuZWNoYXBwZXRvaXNpdHVwZXV4LmNvbS9xdWl6Ym94aW5nL3dwLWNvbnRlbnQvdXBsb2Fkcy9zaXRlcy81LzIwMjMvMDIvcXVpemJveGluZzA0LmpwZw==\"\/>\n\t\t\t\t\t<\/image_lists>\n\t\t\t\t<\/sr7-module>\n\t\t\t\t<script>\n\t\t\t\t\twindow.SR7 ??={};SR7.PMH ??={}; SR7.PMH[\"SR7_1_1\"] = {cn:100,state:false,fn: function() { if (window._tpt!==undefined && window._tpt.prepareModuleHeight !== undefined) {  _tpt.prepareModuleHeight({id:\"SR7_1_1\",el:[500,500,500,500,400],type:'standard',shdw:'0',gh:[500,500,500,500,400],gw:[1240,1240,1240,1240,480],vpt:['-200px&#039;,&#039;-200px&#039;,&#039;-200px&#039;,&#039;-200px&#039;,&#039;-200px'],size:{fullWidth:true, fullHeight:false},mh:'0',onh:0,onw:0,bg:{color:'{\"type\":\"solid\",\"orig\":\"#9b5058\",\"string\":\"rgba(155, 80, 88, 1)\"}'},plType:'7',plColor:'#a48244'});   SR7.PMH[\"SR7_1_1\"].state=true;} else if(SR7.PMH[\"SR7_1_1\"].cn-->0)\tsetTimeout( SR7.PMH[\"SR7_1_1\"].fn,19);}};SR7.PMH[\"SR7_1_1\" ].fn();\n\t\t\t\t<\/script>\n<\/div><\/div><div class=\"fusion-layout-column fusion_builder_column fusion-builder-column-1 fusion_builder_column_1_1 1_1 fusion-flex-column\" style=\"--awb-bg-size:cover;--awb-width-large:100%;--awb-margin-top-large:25px;--awb-spacing-right-large:1.92%;--awb-margin-bottom-large:25px;--awb-spacing-left-large:1.92%;--awb-width-medium:100%;--awb-order-medium:0;--awb-spacing-right-medium:1.92%;--awb-spacing-left-medium:1.92%;--awb-width-small:100%;--awb-order-small:0;--awb-spacing-right-small:1.92%;--awb-spacing-left-small:1.92%;\"><div class=\"fusion-column-wrapper fusion-column-has-shadow fusion-flex-justify-content-flex-start fusion-content-layout-column\"><div class=\"fusion-title title fusion-title-1 fusion-sep-none fusion-title-center fusion-title-text fusion-title-size-two\" style=\"--awb-margin-top-small:10px;--awb-margin-right-small:0px;--awb-margin-bottom-small:10px;--awb-margin-left-small:0px;--awb-font-size:40px;\"><h2 class=\"fusion-title-heading title-heading-center awb-gradient-text fusion-responsive-typography-calculated\" style=\"font-family:&quot;Sarpanch&quot;;font-style:normal;font-weight:600;margin:0;background-color:#0d06ab;background-image:linear-gradient(90deg, #0d06ab 0%,#ba075b 100%);font-size:1em;--fontSize:40;line-height:1.25;filter:drop-shadow(1px 1px 2px #000000);\"><em>Quiz Boxing \u00e0 La Roche-sur-Yon<\/em><\/h2><\/div><\/div><\/div><div class=\"fusion-layout-column fusion_builder_column fusion-builder-column-2 fusion_builder_column_1_4 1_4 fusion-flex-column\" style=\"--awb-bg-size:cover;--awb-width-large:25%;--awb-margin-top-large:25px;--awb-spacing-right-large:7.68%;--awb-margin-bottom-large:25px;--awb-spacing-left-large:7.68%;--awb-width-medium:100%;--awb-order-medium:0;--awb-spacing-right-medium:1.92%;--awb-spacing-left-medium:1.92%;--awb-width-small:100%;--awb-order-small:0;--awb-spacing-right-small:1.92%;--awb-spacing-left-small:1.92%;\"><div class=\"fusion-column-wrapper fusion-column-has-shadow fusion-flex-justify-content-flex-start fusion-content-layout-column\"><p style=\"text-align: center;\"><i class=\"fas fa-users fa-3x\"><\/i><\/p><div class=\"fusion-text fusion-text-1\"><p style=\"text-align: center;\"><strong>de 3 \u00e0 6 joueurs en individuel<\/strong><br \/>\n<strong>et de 7 \u00e0 12 en bin\u00f4mes<\/strong><\/p>\n<\/div><\/div><\/div><div class=\"fusion-layout-column fusion_builder_column fusion-builder-column-3 fusion_builder_column_1_4 1_4 fusion-flex-column\" style=\"--awb-bg-size:cover;--awb-width-large:25%;--awb-margin-top-large:25px;--awb-spacing-right-large:7.68%;--awb-margin-bottom-large:25px;--awb-spacing-left-large:7.68%;--awb-width-medium:100%;--awb-order-medium:0;--awb-spacing-right-medium:1.92%;--awb-spacing-left-medium:1.92%;--awb-width-small:100%;--awb-order-small:0;--awb-spacing-right-small:1.92%;--awb-spacing-left-small:1.92%;\"><div class=\"fusion-column-wrapper fusion-column-has-shadow fusion-flex-justify-content-flex-start fusion-content-layout-column\"><p style=\"text-align: center;\"><i class=\"far fa-clock fa-3x\"><\/i><\/p><div class=\"fusion-text fusion-text-2\"><p style=\"text-align: center;\"><strong>60 minutes<\/strong><br \/>\n<strong>de combat intense<\/strong><\/p>\n<\/div><\/div><\/div><div class=\"fusion-layout-column fusion_builder_column fusion-builder-column-4 fusion_builder_column_1_4 1_4 fusion-flex-column\" style=\"--awb-bg-size:cover;--awb-width-large:25%;--awb-margin-top-large:25px;--awb-spacing-right-large:7.68%;--awb-margin-bottom-large:25px;--awb-spacing-left-large:7.68%;--awb-width-medium:100%;--awb-order-medium:0;--awb-spacing-right-medium:1.92%;--awb-spacing-left-medium:1.92%;--awb-width-small:100%;--awb-order-small:0;--awb-spacing-right-small:1.92%;--awb-spacing-left-small:1.92%;\"><div class=\"fusion-column-wrapper fusion-column-has-shadow fusion-flex-justify-content-flex-start fusion-content-layout-column\"><p style=\"text-align: center;\"><i class=\"fas fa-clipboard-list fa-3x\"><\/i><\/p><div class=\"fusion-text fusion-text-3\"><p style=\"text-align: center;\"><strong>composez votre jeu<\/strong><br \/>\n<strong>avec vos th\u00e8mes favoris<\/strong><\/p>\n<\/div><\/div><\/div><div class=\"fusion-layout-column fusion_builder_column fusion-builder-column-5 fusion_builder_column_1_4 1_4 fusion-flex-column\" style=\"--awb-bg-size:cover;--awb-width-large:25%;--awb-margin-top-large:25px;--awb-spacing-right-large:7.68%;--awb-margin-bottom-large:25px;--awb-spacing-left-large:7.68%;--awb-width-medium:100%;--awb-order-medium:0;--awb-spacing-right-medium:1.92%;--awb-spacing-left-medium:1.92%;--awb-width-small:100%;--awb-order-small:0;--awb-spacing-right-small:1.92%;--awb-spacing-left-small:1.92%;\"><div class=\"fusion-column-wrapper fusion-column-has-shadow fusion-flex-justify-content-flex-start fusion-content-layout-column\"><p style=\"text-align: center;\"><i class=\"fas fa-trophy fa-3x\"><\/i><\/p><div class=\"fusion-text fusion-text-4\"><p style=\"text-align: center;\"><strong>utilisez vos jokers<\/strong><br \/>\n<strong>pour\u00a0pimenter le jeu<\/strong><\/p>\n<\/div><\/div><\/div><div class=\"fusion-layout-column fusion_builder_column fusion-builder-column-6 fusion_builder_column_1_2 1_2 fusion-flex-column\" style=\"--awb-bg-size:cover;--awb-width-large:50%;--awb-margin-top-large:25px;--awb-spacing-right-large:3.84%;--awb-margin-bottom-large:25px;--awb-spacing-left-large:3.84%;--awb-width-medium:100%;--awb-order-medium:0;--awb-spacing-right-medium:1.92%;--awb-spacing-left-medium:1.92%;--awb-width-small:100%;--awb-order-small:0;--awb-spacing-right-small:1.92%;--awb-spacing-left-small:1.92%;\"><div class=\"fusion-column-wrapper fusion-column-has-shadow fusion-flex-justify-content-flex-start fusion-content-layout-column\"><div class=\"fusion-text fusion-text-5\" style=\"--awb-content-alignment:justify;\"><p>Vous \u00eates incollable sur les s\u00e9ries TV ? Les g\u00e9n\u00e9riques de dessins anim\u00e9s n\u2019ont aucun secret pour vous ? Vous \u00eates plut\u00f4t un pro de la culture g\u00e9n\u00e9rale ?<\/p>\n<p>Venez vivre une exp\u00e9rience fantastique dans une ambiance survolt\u00e9e au sein de notre ar\u00e8ne Quiz Boxing \u00e0 la Roche-sur-Yon !<\/p>\n<p>D\u00e9fiez-vous vous, seul ou en bin\u00f4me, sur divers th\u00e8mes : musique, s\u00e9rie t\u00e9l\u00e9, dessins-anim\u00e9s, cin\u00e9ma, jeux vid\u00e9os ou encore sport, composez vos d\u00e9fis !<\/p>\n<p>Et pour plus de challenge, des jokers sont \u00e0 votre disposition afin d\u2019emp\u00eacher les autres membres de marquer des points.<\/p>\n<p>Serez-vous l&rsquo;As du buzzer ?<\/p>\n<\/div><\/div><\/div><div class=\"fusion-layout-column fusion_builder_column fusion-builder-column-7 fusion_builder_column_1_2 1_2 fusion-flex-column\" style=\"--awb-bg-size:cover;--awb-width-large:50%;--awb-margin-top-large:25px;--awb-spacing-right-large:3.84%;--awb-margin-bottom-large:25px;--awb-spacing-left-large:3.84%;--awb-width-medium:100%;--awb-order-medium:0;--awb-spacing-right-medium:1.92%;--awb-spacing-left-medium:1.92%;--awb-width-small:100%;--awb-order-small:0;--awb-spacing-right-small:1.92%;--awb-spacing-left-small:1.92%;\"><div class=\"fusion-column-wrapper fusion-column-has-shadow fusion-flex-justify-content-flex-start fusion-content-layout-column\"><div class=\"fusion-video fusion-selfhosted-video\" style=\"max-width:100%;\"><div class=\"video-wrapper\"><video playsinline=\"true\" width=\"100%\" style=\"object-fit: cover;\" autoplay=\"true\" muted=\"true\" loop=\"true\" preload=\"auto\" controls=\"1\"><source src=\"https:\/\/www.echappetoisitupeux.com\/quizboxing\/wp-content\/uploads\/sites\/5\/2023\/03\/clip_quiz_boxing.mp4\" type=\"video\/mp4\">Sorry, your browser doesn&#039;t support embedded videos.<\/video><\/div><\/div><div class=\"fusion-text fusion-text-6\" style=\"--awb-margin-top:20px;\"><p style=\"text-align: center;\"><i class=\"fas fa-exclamation-circle fa-sm\"><\/i> <span style=\"font-size: 0.8rem;\">Jeu contenant plusieurs s\u00e9quences avec des images et des lumi\u00e8res clignotantes prolong\u00e9es qui peuvent affecter les personnes atteintes d\u2019\u00e9pilepsie photosensible<\/span>.<\/p>\n<\/div><\/div><\/div><\/div><\/div>\n","protected":false},"excerpt":{"rendered":"","protected":false},"author":1,"featured_media":0,"parent":0,"menu_order":1,"comment_status":"closed","ping_status":"open","template":"100-width.php","meta":{"footnotes":""},"class_list":["post-40","page","type-page","status-publish","hentry"],"yoast_head":"<!-- This site is optimized with the Yoast SEO plugin v27.3 - https:\/\/yoast.com\/product\/yoast-seo-wordpress\/ -->\n<title>Quiz Boxing - La Roche-sur-Yon<\/title>\n<meta name=\"description\" content=\"Quiz Boxing \u00e0 La Roche-sur-Yon en Vend\u00e9e. D\u00e9fiez-vous dans une ar\u00e8ne en famille, entre amis ou coll\u00e8gues pour une ambiance de jeu survolt\u00e9e.\" \/>\n<meta name=\"robots\" content=\"index, follow, max-snippet:-1, max-image-preview:large, max-video-preview:-1\" \/>\n<link rel=\"canonical\" href=\"https:\/\/www.echappetoisitupeux.com\/quizboxing\/\" \/>\n<meta property=\"og:locale\" content=\"fr_FR\" \/>\n<meta property=\"og:type\" content=\"article\" \/>\n<meta property=\"og:title\" content=\"Quiz Boxing - La Roche-sur-Yon\" \/>\n<meta property=\"og:description\" content=\"Quiz Boxing \u00e0 La Roche-sur-Yon en Vend\u00e9e. D\u00e9fiez-vous dans une ar\u00e8ne en famille, entre amis ou coll\u00e8gues pour une ambiance de jeu survolt\u00e9e.\" \/>\n<meta property=\"og:url\" content=\"https:\/\/www.echappetoisitupeux.com\/quizboxing\/\" \/>\n<meta property=\"og:site_name\" content=\"Quiz Boxing - La Roche-sur-Yon\" \/>\n<meta property=\"article:modified_time\" content=\"2024-01-17T16:28:51+00:00\" \/>\n<meta name=\"twitter:card\" content=\"summary_large_image\" \/>\n<meta name=\"twitter:label1\" content=\"Dur\u00e9e de lecture estim\u00e9e\" \/>\n\t<meta name=\"twitter:data1\" content=\"2 minutes\" \/>\n<script type=\"application\/ld+json\" class=\"yoast-schema-graph\">{\"@context\":\"https:\\\/\\\/schema.org\",\"@graph\":[{\"@type\":\"WebPage\",\"@id\":\"https:\\\/\\\/www.echappetoisitupeux.com\\\/quizboxing\\\/\",\"url\":\"https:\\\/\\\/www.echappetoisitupeux.com\\\/quizboxing\\\/\",\"name\":\"Quiz Boxing - La Roche-sur-Yon\",\"isPartOf\":{\"@id\":\"https:\\\/\\\/www.echappetoisitupeux.com\\\/quizboxing\\\/#website\"},\"datePublished\":\"2023-02-08T09:00:46+00:00\",\"dateModified\":\"2024-01-17T16:28:51+00:00\",\"description\":\"Quiz Boxing \u00e0 La Roche-sur-Yon en Vend\u00e9e. D\u00e9fiez-vous dans une ar\u00e8ne en famille, entre amis ou coll\u00e8gues pour une ambiance de jeu survolt\u00e9e.\",\"breadcrumb\":{\"@id\":\"https:\\\/\\\/www.echappetoisitupeux.com\\\/quizboxing\\\/#breadcrumb\"},\"inLanguage\":\"fr-FR\",\"potentialAction\":[{\"@type\":\"ReadAction\",\"target\":[\"https:\\\/\\\/www.echappetoisitupeux.com\\\/quizboxing\\\/\"]}]},{\"@type\":\"BreadcrumbList\",\"@id\":\"https:\\\/\\\/www.echappetoisitupeux.com\\\/quizboxing\\\/#breadcrumb\",\"itemListElement\":[{\"@type\":\"ListItem\",\"position\":1,\"name\":\"Quiz Boxing\",\"item\":\"https:\\\/\\\/www.echappetoisitupeux.com\\\/quizboxing\\\/\"},{\"@type\":\"ListItem\",\"position\":2,\"name\":\"Accueil\"}]},{\"@type\":\"WebSite\",\"@id\":\"https:\\\/\\\/www.echappetoisitupeux.com\\\/quizboxing\\\/#website\",\"url\":\"https:\\\/\\\/www.echappetoisitupeux.com\\\/quizboxing\\\/\",\"name\":\"Quiz Boxing - La Roche-sur-Yon\",\"description\":\"\",\"publisher\":{\"@id\":\"https:\\\/\\\/www.echappetoisitupeux.com\\\/quizboxing\\\/#organization\"},\"potentialAction\":[{\"@type\":\"SearchAction\",\"target\":{\"@type\":\"EntryPoint\",\"urlTemplate\":\"https:\\\/\\\/www.echappetoisitupeux.com\\\/quizboxing\\\/?s={search_term_string}\"},\"query-input\":{\"@type\":\"PropertyValueSpecification\",\"valueRequired\":true,\"valueName\":\"search_term_string\"}}],\"inLanguage\":\"fr-FR\"},{\"@type\":\"Organization\",\"@id\":\"https:\\\/\\\/www.echappetoisitupeux.com\\\/quizboxing\\\/#organization\",\"name\":\"Quiz Boxing - La Roche-sur-Yon\",\"url\":\"https:\\\/\\\/www.echappetoisitupeux.com\\\/quizboxing\\\/\",\"logo\":{\"@type\":\"ImageObject\",\"inLanguage\":\"fr-FR\",\"@id\":\"https:\\\/\\\/www.echappetoisitupeux.com\\\/quizboxing\\\/#\\\/schema\\\/logo\\\/image\\\/\",\"url\":\"https:\\\/\\\/www.echappetoisitupeux.com\\\/quizboxing\\\/wp-content\\\/uploads\\\/sites\\\/5\\\/2023\\\/02\\\/logo_quiz_boxing_lry_degrade-1.png\",\"contentUrl\":\"https:\\\/\\\/www.echappetoisitupeux.com\\\/quizboxing\\\/wp-content\\\/uploads\\\/sites\\\/5\\\/2023\\\/02\\\/logo_quiz_boxing_lry_degrade-1.png\",\"width\":645,\"height\":645,\"caption\":\"Quiz Boxing - La Roche-sur-Yon\"},\"image\":{\"@id\":\"https:\\\/\\\/www.echappetoisitupeux.com\\\/quizboxing\\\/#\\\/schema\\\/logo\\\/image\\\/\"}}]}<\/script>\n<!-- \/ Yoast SEO plugin. -->","yoast_head_json":{"title":"Quiz Boxing - La Roche-sur-Yon","description":"Quiz Boxing \u00e0 La Roche-sur-Yon en Vend\u00e9e. D\u00e9fiez-vous dans une ar\u00e8ne en famille, entre amis ou coll\u00e8gues pour une ambiance de jeu survolt\u00e9e.","robots":{"index":"index","follow":"follow","max-snippet":"max-snippet:-1","max-image-preview":"max-image-preview:large","max-video-preview":"max-video-preview:-1"},"canonical":"https:\/\/www.echappetoisitupeux.com\/quizboxing\/","og_locale":"fr_FR","og_type":"article","og_title":"Quiz Boxing - La Roche-sur-Yon","og_description":"Quiz Boxing \u00e0 La Roche-sur-Yon en Vend\u00e9e. D\u00e9fiez-vous dans une ar\u00e8ne en famille, entre amis ou coll\u00e8gues pour une ambiance de jeu survolt\u00e9e.","og_url":"https:\/\/www.echappetoisitupeux.com\/quizboxing\/","og_site_name":"Quiz Boxing - La Roche-sur-Yon","article_modified_time":"2024-01-17T16:28:51+00:00","twitter_card":"summary_large_image","twitter_misc":{"Dur\u00e9e de lecture estim\u00e9e":"2 minutes"},"schema":{"@context":"https:\/\/schema.org","@graph":[{"@type":"WebPage","@id":"https:\/\/www.echappetoisitupeux.com\/quizboxing\/","url":"https:\/\/www.echappetoisitupeux.com\/quizboxing\/","name":"Quiz Boxing - La Roche-sur-Yon","isPartOf":{"@id":"https:\/\/www.echappetoisitupeux.com\/quizboxing\/#website"},"datePublished":"2023-02-08T09:00:46+00:00","dateModified":"2024-01-17T16:28:51+00:00","description":"Quiz Boxing \u00e0 La Roche-sur-Yon en Vend\u00e9e. D\u00e9fiez-vous dans une ar\u00e8ne en famille, entre amis ou coll\u00e8gues pour une ambiance de jeu survolt\u00e9e.","breadcrumb":{"@id":"https:\/\/www.echappetoisitupeux.com\/quizboxing\/#breadcrumb"},"inLanguage":"fr-FR","potentialAction":[{"@type":"ReadAction","target":["https:\/\/www.echappetoisitupeux.com\/quizboxing\/"]}]},{"@type":"BreadcrumbList","@id":"https:\/\/www.echappetoisitupeux.com\/quizboxing\/#breadcrumb","itemListElement":[{"@type":"ListItem","position":1,"name":"Quiz Boxing","item":"https:\/\/www.echappetoisitupeux.com\/quizboxing\/"},{"@type":"ListItem","position":2,"name":"Accueil"}]},{"@type":"WebSite","@id":"https:\/\/www.echappetoisitupeux.com\/quizboxing\/#website","url":"https:\/\/www.echappetoisitupeux.com\/quizboxing\/","name":"Quiz Boxing - La Roche-sur-Yon","description":"","publisher":{"@id":"https:\/\/www.echappetoisitupeux.com\/quizboxing\/#organization"},"potentialAction":[{"@type":"SearchAction","target":{"@type":"EntryPoint","urlTemplate":"https:\/\/www.echappetoisitupeux.com\/quizboxing\/?s={search_term_string}"},"query-input":{"@type":"PropertyValueSpecification","valueRequired":true,"valueName":"search_term_string"}}],"inLanguage":"fr-FR"},{"@type":"Organization","@id":"https:\/\/www.echappetoisitupeux.com\/quizboxing\/#organization","name":"Quiz Boxing - La Roche-sur-Yon","url":"https:\/\/www.echappetoisitupeux.com\/quizboxing\/","logo":{"@type":"ImageObject","inLanguage":"fr-FR","@id":"https:\/\/www.echappetoisitupeux.com\/quizboxing\/#\/schema\/logo\/image\/","url":"https:\/\/www.echappetoisitupeux.com\/quizboxing\/wp-content\/uploads\/sites\/5\/2023\/02\/logo_quiz_boxing_lry_degrade-1.png","contentUrl":"https:\/\/www.echappetoisitupeux.com\/quizboxing\/wp-content\/uploads\/sites\/5\/2023\/02\/logo_quiz_boxing_lry_degrade-1.png","width":645,"height":645,"caption":"Quiz Boxing - La Roche-sur-Yon"},"image":{"@id":"https:\/\/www.echappetoisitupeux.com\/quizboxing\/#\/schema\/logo\/image\/"}}]}},"_links":{"self":[{"href":"https:\/\/www.echappetoisitupeux.com\/quizboxing\/wp-json\/wp\/v2\/pages\/40","targetHints":{"allow":["GET"]}}],"collection":[{"href":"https:\/\/www.echappetoisitupeux.com\/quizboxing\/wp-json\/wp\/v2\/pages"}],"about":[{"href":"https:\/\/www.echappetoisitupeux.com\/quizboxing\/wp-json\/wp\/v2\/types\/page"}],"author":[{"embeddable":true,"href":"https:\/\/www.echappetoisitupeux.com\/quizboxing\/wp-json\/wp\/v2\/users\/1"}],"replies":[{"embeddable":true,"href":"https:\/\/www.echappetoisitupeux.com\/quizboxing\/wp-json\/wp\/v2\/comments?post=40"}],"version-history":[{"count":27,"href":"https:\/\/www.echappetoisitupeux.com\/quizboxing\/wp-json\/wp\/v2\/pages\/40\/revisions"}],"predecessor-version":[{"id":5600,"href":"https:\/\/www.echappetoisitupeux.com\/quizboxing\/wp-json\/wp\/v2\/pages\/40\/revisions\/5600"}],"wp:attachment":[{"href":"https:\/\/www.echappetoisitupeux.com\/quizboxing\/wp-json\/wp\/v2\/media?parent=40"}],"curies":[{"name":"wp","href":"https:\/\/api.w.org\/{rel}","templated":true}]}}