{"id":982,"date":"2023-02-08T10:00:37","date_gmt":"2023-02-08T09:00:37","guid":{"rendered":"https:\/\/loie.echappetoisitupeux.com\/?page_id=982"},"modified":"2026-02-23T15:03:47","modified_gmt":"2026-02-23T14:03:47","slug":"reserver","status":"publish","type":"page","link":"https:\/\/www.echappetoisitupeux.com\/quizboxing\/reserver\/","title":{"rendered":"R\u00e9server"},"content":{"rendered":"<p><div class=\"fusion-fullwidth fullwidth-box fusion-builder-row-1 fusion-flex-container has-pattern-background has-mask-background nonhundred-percent-fullwidth non-hundred-percent-height-scrolling breadcrumbs\" style=\"--awb-border-radius-top-left:0px;--awb-border-radius-top-right:0px;--awb-border-radius-bottom-right:0px;--awb-border-radius-bottom-left:0px;--awb-padding-top:5px;--awb-padding-bottom:0px;--awb-margin-top:0px;--awb-margin-bottom:50px;--awb-background-color:#fafafa;--awb-flex-wrap:wrap;\" ><div class=\"fusion-builder-row fusion-row fusion-flex-align-items-flex-start fusion-flex-content-wrap\" style=\"max-width:1248px;margin-left: calc(-4% \/ 2 );margin-right: calc(-4% \/ 2 );\"><div class=\"fusion-layout-column fusion_builder_column fusion-builder-column-0 fusion_builder_column_1_1 1_1 fusion-flex-column\" style=\"--awb-bg-size:cover;--awb-width-large:100%;--awb-margin-top-large:0px;--awb-spacing-right-large:1.92%;--awb-margin-bottom-large:0px;--awb-spacing-left-large:1.92%;--awb-width-medium:100%;--awb-order-medium:0;--awb-spacing-right-medium:1.92%;--awb-spacing-left-medium:1.92%;--awb-width-small:100%;--awb-order-small:0;--awb-spacing-right-small:1.92%;--awb-spacing-left-small:1.92%;\"><div class=\"fusion-column-wrapper fusion-column-has-shadow fusion-flex-justify-content-flex-start fusion-content-layout-column\"><div class=\"fusion-text fusion-text-1\"><span><span><a href=\"https:\/\/www.echappetoisitupeux.com\/quizboxing\/\">Quiz Boxing<\/a><\/span><\/span>\n<\/div><\/div><\/div><\/div><\/div><div class=\"fusion-fullwidth fullwidth-box fusion-builder-row-2 fusion-flex-container nonhundred-percent-fullwidth non-hundred-percent-height-scrolling\" style=\"--awb-border-radius-top-left:0px;--awb-border-radius-top-right:0px;--awb-border-radius-bottom-right:0px;--awb-border-radius-bottom-left:0px;--awb-flex-wrap:wrap;\" ><div class=\"fusion-builder-row fusion-row fusion-flex-align-items-flex-start fusion-flex-content-wrap\" style=\"max-width:1248px;margin-left: calc(-4% \/ 2 );margin-right: calc(-4% \/ 2 );\"><div class=\"fusion-layout-column fusion_builder_column fusion-builder-column-1 fusion_builder_column_1_1 1_1 fusion-flex-column\" style=\"--awb-bg-size:cover;--awb-width-large:100%;--awb-margin-top-large:0px;--awb-spacing-right-large:1.92%;--awb-margin-bottom-large:0px;--awb-spacing-left-large:1.92%;--awb-width-medium:100%;--awb-spacing-right-medium:1.92%;--awb-spacing-left-medium:1.92%;--awb-width-small:100%;--awb-spacing-right-small:1.92%;--awb-spacing-left-small:1.92%;\"><div class=\"fusion-column-wrapper fusion-flex-justify-content-flex-start fusion-content-layout-column\"><div class=\"fusion-text fusion-text-2\"><p><center>Bienvenue sur la page de r\u00e9servation QUIZ BOXING &#8211; LA ROCHE-SUR-YON.<\/p>\n<p>Pour r\u00e9server votre exp\u00e9rience, s\u00e9lectionnez une date et choisissez un cr\u00e9neau horaire.<\/br><\/p>\n<p>RAPPEL : Cette activit\u00e9 est accessible \u00e0 partir de 10 ans accompagn\u00e9 d&rsquo;un adulte.<\/br><\/center><\/p>\n<\/div><div class=\"forescape\" data-subdomain=\"echappetoisitupeux-larochesuryon\" data-type=\"bookings\" data-language=\"fr\" data-rooms=\"63d814852be59e42859778e6\"><\/div><script>!function(e,t){var r=e.createElement(t),a=e.getElementsByTagName(t)[0],n=new Date,s=\"\"+n.getFullYear()+(\"0\"+(n.getMonth()+1)).slice(-2)+(\"0\"+n.getDate()).slice(-2);r.defer=1,r.src=\"https:\/\/echappetoisitupeux-larochesuryon.4escape.io\/public\/js\/iframe.min.js?v=\"+s,a.parentNode.insertBefore(r,a)}(document,\"script\");<\/script><\/div><\/div><\/div><\/div><div class=\"fusion-fullwidth fullwidth-box fusion-builder-row-3 fusion-flex-container nonhundred-percent-fullwidth non-hundred-percent-height-scrolling\" style=\"--awb-border-radius-top-left:0px;--awb-border-radius-top-right:0px;--awb-border-radius-bottom-right:0px;--awb-border-radius-bottom-left:0px;--awb-padding-top:20px;--awb-flex-wrap:wrap;\" ><div class=\"fusion-builder-row fusion-row fusion-flex-align-items-flex-start fusion-flex-content-wrap\" style=\"max-width:1248px;margin-left: calc(-4% \/ 2 );margin-right: calc(-4% \/ 2 );\"><div class=\"fusion-layout-column fusion_builder_column fusion-builder-column-2 fusion_builder_column_1_1 1_1 fusion-flex-column\" style=\"--awb-bg-size:cover;--awb-width-large:100%;--awb-margin-top-large:0px;--awb-spacing-right-large:1.92%;--awb-margin-bottom-large:0px;--awb-spacing-left-large:1.92%;--awb-width-medium:100%;--awb-spacing-right-medium:1.92%;--awb-spacing-left-medium:1.92%;--awb-width-small:100%;--awb-spacing-right-small:1.92%;--awb-spacing-left-small:1.92%;\"><div class=\"fusion-column-wrapper fusion-flex-justify-content-flex-start fusion-content-layout-column\"><div class=\"fusion-reading-box-container reading-box-container-1\" style=\"--awb-title-color:#333333;--awb-margin-top:0px;--awb-margin-bottom:20px;\"><div class=\"reading-box reading-box-center\" style=\"background-color:#f9f9fb;border-width:1px;border-color:rgba(226,226,226,0);border-top-width:3px;border-top-color:var(--primary_color);border-style:solid;padding-right:10px;padding-left:10px;\"><div class=\"reading-box-additional\">Vous ne trouvez pas le cr\u00e9neau qui vous int\u00e9resse ?<\/p>\n<p>Pensez \u00e0 nos autres activit\u00e9s :<\/p>\n<p><a href=\"https:\/\/www.echappetoisitupeux.com\/odyssee\"><img class=\"lazyload\" decoding=\"async\" style=\"margin-right: 15px;\" src=\"data:image\/gif;base64,R0lGODlhAQABAAAAACH5BAEKAAEALAAAAAABAAEAAAICTAEAOw==\" data-orig-src=\"https:\/\/www.echappetoisitupeux.com\/quizboxing\/wp-content\/uploads\/sites\/5\/2023\/02\/logo-odyssee-medium-violet.png\" alt=\"Logo L'Odyss\u00e9e par \u00c9chappe Toi Si Tu Peux\" width=\"80px\" \/><\/a> <a href=\"https:\/\/www.echappetoisitupeux.com\/laroche\"><img class=\"lazyload\" decoding=\"async\" style=\"margin-right: 15px;\" src=\"data:image\/gif;base64,R0lGODlhAQABAAAAACH5BAEKAAEALAAAAAABAAEAAAICTAEAOw==\" data-orig-src=\"https:\/\/www.echappetoisitupeux.com\/quizboxing\/wp-content\/uploads\/sites\/5\/2023\/02\/logo-etstp-laroche.png\" alt=\"Logo \u00c9chappe Toi Si Tu Peux - La Roche-sur-Yon\" width=\"80px\" \/><\/a> <a href=\"https:\/\/www.echappetoisitupeux.com\/essartsenbocage\"><img class=\"lazyload\" decoding=\"async\"  src=\"data:image\/gif;base64,R0lGODlhAQABAAAAACH5BAEKAAEALAAAAAABAAEAAAICTAEAOw==\" data-orig-src=\"https:\/\/www.echappetoisitupeux.com\/quizboxing\/wp-content\/uploads\/sites\/5\/2023\/02\/logo_etstp-essartsenbocage.png\" alt=\"Logo \u00c9chappe Toi Si Tu Peux - Essarts-en-Bocage\" width=\"80px\" \/><\/a><\/div><div class=\"fusion-clearfix\"><\/div><\/div><svg style=\"opacity:0.7;\" xmlns=\"http:\/\/www.w3.org\/2000\/svg\" version=\"1.1\" width=\"100%\" viewBox=\"0 0 600 28\" preserveAspectRatio=\"none\"><g clip-path=\"url(#a)\"><mask id=\"b\" style=\"mask-type:luminance\" maskUnits=\"userSpaceOnUse\" x=\"0\" y=\"0\" width=\"600\" height=\"28\"><path d=\"M0 0h600v28H0V0Z\" fill=\"#fff\"\/><\/mask><g filter=\"url(#c)\" mask=\"url(#b)\"><path d=\"M16.439-18.667h567.123v30.8S438.961-8.4 300-8.4C161.04-8.4 16.438 12.133 16.438 12.133v-30.8Z\" fill=\"#000\"\/><\/g><\/g><defs><clipPath id=\"a\"><path fill=\"#fff\" d=\"M0 0h600v28H0z\"\/><\/clipPath><filter id=\"c\" x=\"5.438\" y=\"-29.667\" width=\"589.123\" height=\"52.8\" filterUnits=\"userSpaceOnUse\" color-interpolation-filters=\"sRGB\"><feFlood flood-opacity=\"0\" result=\"BackgroundImageFix\"\/><feBlend in=\"SourceGraphic\" in2=\"BackgroundImageFix\" result=\"shape\"\/><feGaussianBlur stdDeviation=\"5.5\" result=\"effect1_foregroundBlur_3983_183\"\/><\/filter><\/defs><\/svg><\/div><\/div><\/div><\/div><\/div><\/p>\n","protected":false},"excerpt":{"rendered":"","protected":false},"author":1,"featured_media":0,"parent":0,"menu_order":7,"comment_status":"closed","ping_status":"closed","template":"100-width.php","meta":{"footnotes":""},"class_list":["post-982","page","type-page","status-publish","hentry"],"yoast_head":"<!-- This site is optimized with the Yoast SEO plugin v27.3 - https:\/\/yoast.com\/product\/yoast-seo-wordpress\/ -->\n<title>R\u00e9server &#8226; Quiz Boxing - La Roche-sur-Yon<\/title>\n<meta name=\"description\" content=\"R\u00e9servez votre session pour vivre l&#039;exp\u00e9rience Quiz Boxing - La Roche-sur-Yon.\" \/>\n<meta name=\"robots\" content=\"index, follow, max-snippet:-1, max-image-preview:large, max-video-preview:-1\" \/>\n<link rel=\"canonical\" href=\"https:\/\/www.echappetoisitupeux.com\/quizboxing\/reserver\/\" \/>\n<meta property=\"og:locale\" content=\"fr_FR\" \/>\n<meta property=\"og:type\" content=\"article\" \/>\n<meta property=\"og:title\" content=\"R\u00e9server &#8226; Quiz Boxing - La Roche-sur-Yon\" \/>\n<meta property=\"og:description\" content=\"R\u00e9servez votre session pour vivre l&#039;exp\u00e9rience Quiz Boxing - La Roche-sur-Yon.\" \/>\n<meta property=\"og:url\" content=\"https:\/\/www.echappetoisitupeux.com\/quizboxing\/reserver\/\" \/>\n<meta property=\"og:site_name\" content=\"Quiz Boxing - La Roche-sur-Yon\" \/>\n<meta property=\"article:modified_time\" content=\"2026-02-23T14:03:47+00:00\" \/>\n<meta property=\"og:image\" content=\"https:\/\/www.echappetoisitupeux.com\/quizboxing\/wp-content\/uploads\/sites\/5\/2023\/02\/logo-odyssee-medium-violet.png\" \/>\n<meta name=\"twitter:card\" content=\"summary_large_image\" \/>\n<meta name=\"twitter:label1\" content=\"Dur\u00e9e de lecture estim\u00e9e\" \/>\n\t<meta name=\"twitter:data1\" content=\"1 minute\" \/>\n<script type=\"application\/ld+json\" class=\"yoast-schema-graph\">{\"@context\":\"https:\\\/\\\/schema.org\",\"@graph\":[{\"@type\":\"WebPage\",\"@id\":\"https:\\\/\\\/www.echappetoisitupeux.com\\\/quizboxing\\\/reserver\\\/\",\"url\":\"https:\\\/\\\/www.echappetoisitupeux.com\\\/quizboxing\\\/reserver\\\/\",\"name\":\"R\u00e9server &#8226; Quiz Boxing - La Roche-sur-Yon\",\"isPartOf\":{\"@id\":\"https:\\\/\\\/www.echappetoisitupeux.com\\\/quizboxing\\\/#website\"},\"primaryImageOfPage\":{\"@id\":\"https:\\\/\\\/www.echappetoisitupeux.com\\\/quizboxing\\\/reserver\\\/#primaryimage\"},\"image\":{\"@id\":\"https:\\\/\\\/www.echappetoisitupeux.com\\\/quizboxing\\\/reserver\\\/#primaryimage\"},\"thumbnailUrl\":\"https:\\\/\\\/www.echappetoisitupeux.com\\\/quizboxing\\\/wp-content\\\/uploads\\\/sites\\\/5\\\/2023\\\/02\\\/logo-odyssee-medium-violet.png\",\"datePublished\":\"2023-02-08T09:00:37+00:00\",\"dateModified\":\"2026-02-23T14:03:47+00:00\",\"description\":\"R\u00e9servez votre session pour vivre l'exp\u00e9rience Quiz Boxing - La Roche-sur-Yon.\",\"breadcrumb\":{\"@id\":\"https:\\\/\\\/www.echappetoisitupeux.com\\\/quizboxing\\\/reserver\\\/#breadcrumb\"},\"inLanguage\":\"fr-FR\",\"potentialAction\":[{\"@type\":\"ReadAction\",\"target\":[\"https:\\\/\\\/www.echappetoisitupeux.com\\\/quizboxing\\\/reserver\\\/\"]}]},{\"@type\":\"ImageObject\",\"inLanguage\":\"fr-FR\",\"@id\":\"https:\\\/\\\/www.echappetoisitupeux.com\\\/quizboxing\\\/reserver\\\/#primaryimage\",\"url\":\"https:\\\/\\\/www.echappetoisitupeux.com\\\/quizboxing\\\/wp-content\\\/uploads\\\/sites\\\/5\\\/2023\\\/02\\\/logo-odyssee-medium-violet.png\",\"contentUrl\":\"https:\\\/\\\/www.echappetoisitupeux.com\\\/quizboxing\\\/wp-content\\\/uploads\\\/sites\\\/5\\\/2023\\\/02\\\/logo-odyssee-medium-violet.png\",\"width\":312,\"height\":312,\"caption\":\"Logo L'Odyss\u00e9e par \u00c9chappe Toi Si Tu Peux\"},{\"@type\":\"BreadcrumbList\",\"@id\":\"https:\\\/\\\/www.echappetoisitupeux.com\\\/quizboxing\\\/reserver\\\/#breadcrumb\",\"itemListElement\":[{\"@type\":\"ListItem\",\"position\":1,\"name\":\"Quiz Boxing\",\"item\":\"https:\\\/\\\/www.echappetoisitupeux.com\\\/quizboxing\\\/\"},{\"@type\":\"ListItem\",\"position\":2,\"name\":\"R\u00e9server\"}]},{\"@type\":\"WebSite\",\"@id\":\"https:\\\/\\\/www.echappetoisitupeux.com\\\/quizboxing\\\/#website\",\"url\":\"https:\\\/\\\/www.echappetoisitupeux.com\\\/quizboxing\\\/\",\"name\":\"Quiz Boxing - La Roche-sur-Yon\",\"description\":\"\",\"publisher\":{\"@id\":\"https:\\\/\\\/www.echappetoisitupeux.com\\\/quizboxing\\\/#organization\"},\"potentialAction\":[{\"@type\":\"SearchAction\",\"target\":{\"@type\":\"EntryPoint\",\"urlTemplate\":\"https:\\\/\\\/www.echappetoisitupeux.com\\\/quizboxing\\\/?s={search_term_string}\"},\"query-input\":{\"@type\":\"PropertyValueSpecification\",\"valueRequired\":true,\"valueName\":\"search_term_string\"}}],\"inLanguage\":\"fr-FR\"},{\"@type\":\"Organization\",\"@id\":\"https:\\\/\\\/www.echappetoisitupeux.com\\\/quizboxing\\\/#organization\",\"name\":\"Quiz Boxing - La Roche-sur-Yon\",\"url\":\"https:\\\/\\\/www.echappetoisitupeux.com\\\/quizboxing\\\/\",\"logo\":{\"@type\":\"ImageObject\",\"inLanguage\":\"fr-FR\",\"@id\":\"https:\\\/\\\/www.echappetoisitupeux.com\\\/quizboxing\\\/#\\\/schema\\\/logo\\\/image\\\/\",\"url\":\"https:\\\/\\\/www.echappetoisitupeux.com\\\/quizboxing\\\/wp-content\\\/uploads\\\/sites\\\/5\\\/2023\\\/02\\\/logo_quiz_boxing_lry_degrade-1.png\",\"contentUrl\":\"https:\\\/\\\/www.echappetoisitupeux.com\\\/quizboxing\\\/wp-content\\\/uploads\\\/sites\\\/5\\\/2023\\\/02\\\/logo_quiz_boxing_lry_degrade-1.png\",\"width\":645,\"height\":645,\"caption\":\"Quiz Boxing - La Roche-sur-Yon\"},\"image\":{\"@id\":\"https:\\\/\\\/www.echappetoisitupeux.com\\\/quizboxing\\\/#\\\/schema\\\/logo\\\/image\\\/\"}}]}<\/script>\n<!-- \/ Yoast SEO plugin. -->","yoast_head_json":{"title":"R\u00e9server &#8226; Quiz Boxing - La Roche-sur-Yon","description":"R\u00e9servez votre session pour vivre l'exp\u00e9rience Quiz Boxing - La Roche-sur-Yon.","robots":{"index":"index","follow":"follow","max-snippet":"max-snippet:-1","max-image-preview":"max-image-preview:large","max-video-preview":"max-video-preview:-1"},"canonical":"https:\/\/www.echappetoisitupeux.com\/quizboxing\/reserver\/","og_locale":"fr_FR","og_type":"article","og_title":"R\u00e9server &#8226; Quiz Boxing - La Roche-sur-Yon","og_description":"R\u00e9servez votre session pour vivre l'exp\u00e9rience Quiz Boxing - La Roche-sur-Yon.","og_url":"https:\/\/www.echappetoisitupeux.com\/quizboxing\/reserver\/","og_site_name":"Quiz Boxing - La Roche-sur-Yon","article_modified_time":"2026-02-23T14:03:47+00:00","og_image":[{"url":"https:\/\/www.echappetoisitupeux.com\/quizboxing\/wp-content\/uploads\/sites\/5\/2023\/02\/logo-odyssee-medium-violet.png","type":"","width":"","height":""}],"twitter_card":"summary_large_image","twitter_misc":{"Dur\u00e9e de lecture estim\u00e9e":"1 minute"},"schema":{"@context":"https:\/\/schema.org","@graph":[{"@type":"WebPage","@id":"https:\/\/www.echappetoisitupeux.com\/quizboxing\/reserver\/","url":"https:\/\/www.echappetoisitupeux.com\/quizboxing\/reserver\/","name":"R\u00e9server &#8226; Quiz Boxing - La Roche-sur-Yon","isPartOf":{"@id":"https:\/\/www.echappetoisitupeux.com\/quizboxing\/#website"},"primaryImageOfPage":{"@id":"https:\/\/www.echappetoisitupeux.com\/quizboxing\/reserver\/#primaryimage"},"image":{"@id":"https:\/\/www.echappetoisitupeux.com\/quizboxing\/reserver\/#primaryimage"},"thumbnailUrl":"https:\/\/www.echappetoisitupeux.com\/quizboxing\/wp-content\/uploads\/sites\/5\/2023\/02\/logo-odyssee-medium-violet.png","datePublished":"2023-02-08T09:00:37+00:00","dateModified":"2026-02-23T14:03:47+00:00","description":"R\u00e9servez votre session pour vivre l'exp\u00e9rience Quiz Boxing - La Roche-sur-Yon.","breadcrumb":{"@id":"https:\/\/www.echappetoisitupeux.com\/quizboxing\/reserver\/#breadcrumb"},"inLanguage":"fr-FR","potentialAction":[{"@type":"ReadAction","target":["https:\/\/www.echappetoisitupeux.com\/quizboxing\/reserver\/"]}]},{"@type":"ImageObject","inLanguage":"fr-FR","@id":"https:\/\/www.echappetoisitupeux.com\/quizboxing\/reserver\/#primaryimage","url":"https:\/\/www.echappetoisitupeux.com\/quizboxing\/wp-content\/uploads\/sites\/5\/2023\/02\/logo-odyssee-medium-violet.png","contentUrl":"https:\/\/www.echappetoisitupeux.com\/quizboxing\/wp-content\/uploads\/sites\/5\/2023\/02\/logo-odyssee-medium-violet.png","width":312,"height":312,"caption":"Logo L'Odyss\u00e9e par \u00c9chappe Toi Si Tu Peux"},{"@type":"BreadcrumbList","@id":"https:\/\/www.echappetoisitupeux.com\/quizboxing\/reserver\/#breadcrumb","itemListElement":[{"@type":"ListItem","position":1,"name":"Quiz Boxing","item":"https:\/\/www.echappetoisitupeux.com\/quizboxing\/"},{"@type":"ListItem","position":2,"name":"R\u00e9server"}]},{"@type":"WebSite","@id":"https:\/\/www.echappetoisitupeux.com\/quizboxing\/#website","url":"https:\/\/www.echappetoisitupeux.com\/quizboxing\/","name":"Quiz Boxing - La Roche-sur-Yon","description":"","publisher":{"@id":"https:\/\/www.echappetoisitupeux.com\/quizboxing\/#organization"},"potentialAction":[{"@type":"SearchAction","target":{"@type":"EntryPoint","urlTemplate":"https:\/\/www.echappetoisitupeux.com\/quizboxing\/?s={search_term_string}"},"query-input":{"@type":"PropertyValueSpecification","valueRequired":true,"valueName":"search_term_string"}}],"inLanguage":"fr-FR"},{"@type":"Organization","@id":"https:\/\/www.echappetoisitupeux.com\/quizboxing\/#organization","name":"Quiz Boxing - La Roche-sur-Yon","url":"https:\/\/www.echappetoisitupeux.com\/quizboxing\/","logo":{"@type":"ImageObject","inLanguage":"fr-FR","@id":"https:\/\/www.echappetoisitupeux.com\/quizboxing\/#\/schema\/logo\/image\/","url":"https:\/\/www.echappetoisitupeux.com\/quizboxing\/wp-content\/uploads\/sites\/5\/2023\/02\/logo_quiz_boxing_lry_degrade-1.png","contentUrl":"https:\/\/www.echappetoisitupeux.com\/quizboxing\/wp-content\/uploads\/sites\/5\/2023\/02\/logo_quiz_boxing_lry_degrade-1.png","width":645,"height":645,"caption":"Quiz Boxing - La Roche-sur-Yon"},"image":{"@id":"https:\/\/www.echappetoisitupeux.com\/quizboxing\/#\/schema\/logo\/image\/"}}]}},"_links":{"self":[{"href":"https:\/\/www.echappetoisitupeux.com\/quizboxing\/wp-json\/wp\/v2\/pages\/982","targetHints":{"allow":["GET"]}}],"collection":[{"href":"https:\/\/www.echappetoisitupeux.com\/quizboxing\/wp-json\/wp\/v2\/pages"}],"about":[{"href":"https:\/\/www.echappetoisitupeux.com\/quizboxing\/wp-json\/wp\/v2\/types\/page"}],"author":[{"embeddable":true,"href":"https:\/\/www.echappetoisitupeux.com\/quizboxing\/wp-json\/wp\/v2\/users\/1"}],"replies":[{"embeddable":true,"href":"https:\/\/www.echappetoisitupeux.com\/quizboxing\/wp-json\/wp\/v2\/comments?post=982"}],"version-history":[{"count":7,"href":"https:\/\/www.echappetoisitupeux.com\/quizboxing\/wp-json\/wp\/v2\/pages\/982\/revisions"}],"predecessor-version":[{"id":5674,"href":"https:\/\/www.echappetoisitupeux.com\/quizboxing\/wp-json\/wp\/v2\/pages\/982\/revisions\/5674"}],"wp:attachment":[{"href":"https:\/\/www.echappetoisitupeux.com\/quizboxing\/wp-json\/wp\/v2\/media?parent=982"}],"curies":[{"name":"wp","href":"https:\/\/api.w.org\/{rel}","templated":true}]}}